ainder when 2326 is divided by 43?
4
What is the remainder when 375 is divided by 347?
28
What is the remainder when 9321 is divided by 70?
11
Calculate the remainder when 11237 is divided by 2246.
7
What is the remainder when 10274 is divided by 1269?
122
What is the remainder when 377 is divided by 152?
73
Calculate the remainder when 137540 is divided by 77.
18
Calculate the remainder when 27219 is divided by 647.
45
What is the remainder when 787772 is divided by 6?
2
What is the remainder when 339609 is divided by 993?
3
Calculate the remainder when 38842 is divided by 4314.
16
What is the remainder when 7560 is divided by 165?
135
What is the remainder when 46675 is divided by 11625?
175
What is the remainder when 7122 is divided by 591?
30
What is the remainder when 2103 is divided by 1579?
524
Calculate the remainder when 58328 is divided by 270.
8
What is the remainder when 15082 is divided by 53?
30
Calculate the remainder when 7746 is divided by 651.
585
What is the remainder when 4062 is divided by 2013?
36
Calculate the remainder when 5439 is divided by 8.
7
Calculate the remainder when 48861 is divided by 218.
29
What is the remainder when 1817 is divided by 231?
200
Calculate the remainder when 11805 is divided by 3720.
645
Calculate the remainder when 213244 is divided by 16.
12
Calculate the remainder when 1133 is divided by 228.
221
What is the remainder when 301178 is divided by 32?
26
What is the remainder when 7703785 is divided by 13?
11
Calculate the remainder when 54814 is divided by 583.
12
Calculate the remainder when 2315 is divided by 1035.
245
What is the remainder when 12360 is divided by 37?
2
What is the remainder when 446952 is divided by 13?
12
Calculate the remainder when 163726 is divided by 48.
46
Calculate the remainder when 353 is divided by 176.
1
What is the remainder when 559 is divided by 265?
29
Calculate the remainder when 78178 is divided by 357.
352
Calculate the remainder when 69465 is divided by 37.
16
What is the remainder when 47004 is divided by 1310?
1154
Calculate the remainder when 11577 is divided by 2851.
173
Calculate the remainder when 48037 is divided by 79.
5
Calculate the remainder when 3129 is divided by 1041.
6
Calculate the remainder when 1308 is divided by 192.
156
Calculate the remainder when 305518 is divided by 324.
310
What is the remainder when 89052 is divided by 506?
502
What is the remainder when 581 is divided by 259?
63
Calculate the remainder when 12636 is divided by 6299.
38
What is the remainder when 2348 is divided by 720?
188
What is the remainder when 4838 is divided by 866?
508
What is the remainder when 732 is divided by 195?
147
What is the remainder when 10637 is divided by 7?
4
Calculate the remainder when 122855 is divided by 1595.
40
What is the remainder when 2419 is divided by 801?
16
What is the remainder when 6688 is divided by 516?
496
What is the remainder when 11297 is divided by 1252?
29
Calculate the remainder when 31455 is divided by 7845.
75
Calculate the remainder when 1695524 is divided by 743.
741
Calculate the remainder when 47078 is divided by 214.
212
What is the remainder when 1956 is divided by 402?
348
What is the remainder when 84657 is divided by 700?
657
Calculate the remainder when 38824 is divided by 96.
40
Calculate the remainder when 16116 is divided by 88.
12
Calculate the remainder when 11214 is divided by 8.
6
Calculate the remainder when 2350873 is divided by 40.
33
What is the remainder when 5079 is divided by 111?
84
What is the remainder when 29884 is divided by 3318?
22
Calculate the remainder when 7747 is divided by 25.
22
Calculate the remainder when 1181 is divided by 17.
8
What is the remainder when 628 is divided by 86?
26
Calculate the remainder when 63425 is divided by 31644.
137
What is the remainder when 6296 is divided by 53?
42
Calculate the remainder when 4696 is divided by 745.
226
Calculate the remainder when 187848 is divided by 16.
8
Calculate the remainder when 42293 is divided by 42218.
75
Calculate the remainder when 399383 is divided by 399358.
25
What is the remainder when 83028 is divided by 8302?
8
What is the remainder when 226098 is divided by 190?
188
What is the remainder when 211384 is divided by 70459?
7
What is the remainder when 10699 is divided by 295?
79
What is the remainder when 129927 is divided by 24?
15
Calculate the remainder when 183453 is divided by 98.
95
Calculate the remainder when 5754 is divided by 2869.
16
What is the remainder when 10532 is divided by 5265?
2
What is the remainder when 3151 is divided by 3133?
18
Calculate the remainder when 15094 is divided by 24.
22
What is the remainder when 854 is divided by 424?
6
Calculate the remainder when 13492 is divided by 13486.
6
Calculate the remainder when 32783 is divided by 53.
29
What is the remainder when 3023 is divided by 962?
137
Calculate the remainder when 15126 is divided by 895.
806
Calculate the remainder when 23490 is divided by 22.
16
What is the remainder when 186232 is divided by 61?
60
Calculate the remainder when 4104 is divided by 1339.
87
What is the remainder when 73308 is divided by 10?
8
Calculate the remainder when 674 is divided by 411.
263
What is the remainder when 100861 is divided by 63?
61
Calculate the remainder when 218805 is divided by 109370.
65
Calculate the remainder when 10062 is divided by 75.
12
Calculate the remainder when 169344 is divided by 21.
0
Calculate the remainder when 2415 is divided by 180.
75
Calculate the remainder when 1982 is divided by 89.
24
What is the remainder when 334187 is divided by 230?
227
What is the remainder when 19823 is divided by 19800?
23
What is the remainder when 30956 is divided by 48?
44
What is the remainder when 7326 is divided by 6835?
491
What is the remainder when 8176 is divided by 174?
172
What is the remainder when 20753 is divided by 32?
17
Calculate the remainder when 6561 is divided by 89.
64
What is the remainder when 233440 is divided by 262?
260
What is the remainder when 38001 is divided by 14?
5
What is the remainder when 93758 is divided by 14?
0
Calculate the remainder when 7597 is divided by 346.
331
Calculate the remainder when 3351 is divided by 1075.
126
What is the remainder when 76048 is divided by 76031?
17
Calculate the remainder when 17834 is divided by 576.
554
Calculate the remainder when 53721 is divided by 52.
5
What is the remainder when 11296 is divided by 871?
844
Calculate the remainder when 2264 is divided by 268.
120
What is the remainder when 1216178 is divided by 34?
32
What is the remainder when 7645 is divided by 549?
508
Calculate the remainder when 15185 is divided by 4946.
347
What is the remainder when 3313 is divided by 1560?
193
Calculate the remainder when 9589 is divided by 1197.
13
Calculate the remainder when 442451 is divided by 19235.
46
What is the remainder when 61713 is divided by 26?
15
What is the remainder when 21843 is divided by 312?
3
Calculate the remainder when 49541 is divided by 36.
5
What is the remainder when 1329 is divided by 284?
193
What is the remainder when 2437 is divided by 40?
37
Calculate the remainder when 33938 is divided by 241.
198
Calculate the remainder when 1034 is divided by 248.
42
What is the remainder when 26783 is divided by 720?
143
Calculate the remainder when 147484 is divided by 94.
92
What is the remainder when 10801 is divided by 37?
34
Calculate the remainder when 10908 is divided by 167.
53
What is the remainder when 209 is divided by 200?
9
What is the remainder when 35558 is divided by 7111?
3
What is the remainder when 32274 is divided by 566?
12
What is the remainder when 6252 is divided by 2076?
24
What is the remainder when 200700 is divided by 200695?
5
What is the remainder when 4063 is divided by 80?
63
Calculate the remainder when 5995223 is divided by 24.
23
Calculate the remainder when 2381 is divided by 340.
1
Calculate the remainder when 2480 is divided by 2317.
163
What is the remainder when 247178 is divided by 19?
7
What is the remainder when 6804 is divided by 46?
42
What is the remainder when 8581 is divided by 1025?
381
Calculate the remainder when 1494 is divided by 1486.
8
Calculate the remainder when 7849 is divided by 203.
135
